ivided by g?
12
Suppose 10*l - 7*l = 123. Calculate the remainder when l is divided by 9.
5
Suppose -4*y + t = -33 - 5, -48 = -5*y + t. What is the remainder when 18 is divided by y?
8
Suppose 2*t + 2*z = -8 + 36, 0 = 3*z - 15. Let x be 13/4 - 1/4. Let b = 6 - x. Calculate the remainder when t is divided by b.
0
Let m(x) = x**3 + 4*x**2 + 3. Let b be m(-4). Let u(r) = r**2 + 1. Calculate the remainder when 28 is divided by u(b).
8
Let s(h) = h + 19 - 3*h + h**2 + h - h**3. Let z be s(0). Suppose 25 + z = 2*m. What is the remainder when 43 is divided by m?
21
Let q be 2 + -2 + 1 + 78. Let t(i) = -i**3 - 16*i**2 - 11*i + 22. Let a be t(-15). Let y = q + a. Calculate the remainder when y is divided by 14.
13
Let g(t) = -t**2 + t + 5. Let l be g(0). Let s(x) = -x**2 + 2*x + 4. Let d be s(l). Let b = 10 - d. What is the remainder when 60 is divided by b?
18
Let s be 340/25 - 4/(-10). Suppose -9 - s = -n. Let x = -14 + 26. What is the remainder when n is divided by x?
11
Let d be (-36)/20 + (-1)/5. What is the remainder when 33 is divided by d - (2/2 + -12)?
6
Let p(c) = 5*c**2 - c - 4. Calculate the remainder when p(3) is divided by 10.
8
Suppose -m + 24 = 4*i + 2*m, 4*i + m = 32. Calculate the remainder when 34 is divided by i.
7
Suppose -5*o + 2*v = 44 - 126, -3*v = -5*o + 83. Let t = -20 + 66. What is the remainder when t is divided by o?
14
Let d = 12 + -6. Let w(y) = -y**2 + 2*y - 1. Let t(k) = -k**2 + 4*k - 1. Let i(v) = 4*t(v) - 7*w(v). Calculate the remainder when i(-2) is divided by d.
5
Let q = 126 + -73. Calculate the remainder when 104 is divided by q.
51
Suppose -2*s - 2*p = -3*s + 15, -5*s - 5*p = -30. Suppose 60 = t + 3*x, -s = -4*t - 4*x + 215. Calculate the remainder when t is divided by 14.
12
Let l = -1 + 4. Suppose 3*f = 4*n - 5, 2*f = 5*f - l. Suppose 6*t - n*t - 76 = 0. What is the remainder when t is divided by 7?
5
Suppose -2*d - 3 = 2*m - 3*m, 13 = 3*m - 4*d. What is the remainder when m is divided by 2?
1
Let u = 37 + -14. Suppose 3 = n - 0*n + 5*g, -58 = -4*n + 3*g. What is the remainder when u is divided by n?
10
Suppose -2*r - 2*k + 72 = k, 2*r = -k + 64. Suppose 2*q = -d + q + 2, -5*d - q = -r. Calculate the remainder when d is divided by 4.
3
Suppose -5*o = 63 - 823. Suppose 4*s + 0*s = o. Suppose -4*g - 4*l = 12 - 44, -4*l + s = 5*g. Calculate the remainder when 17 is divided by g.
5
Let x be (24/(-3))/(4/(-6)). Suppose -2*i - x = -4*a, -4*i - 3*a + 0*a = -20. Calculate the remainder when i is divided by 1*(6/18)/((-2)/(-6)).
0
Let n be -10*(-4 + 2 + 1). Let a(g) = g**3 - 8*g**2 - 14*g - 7. What is the remainder when a(n) is divided by (72/(-28))/((-2)/14)?
17
Let t(d) = -10*d - 25. What is the remainder when t(-12) is divided by 24?
23
Let l be (-6)/8 + 31/4. Let k(r) = -7*r + 5. Let m be k(8). Let y = l - m. Calculate the remainder when y is divided by 15.
13
Let z(t) = t**2 + 2*t + 4. What is the remainder when 62 is divided by z(-6)?
6
Let o(y) = -32*y**3 + 1. Let u be o(1). Let f = -83 + 163. Let s = u + f. Calculate the remainder when s is divided by 17.
15
Let h(k) = 4*k - 17. Calculate the remainder when h(7) is divided by 3.
2
Suppose -v + 3*w = 2*w - 17, 21 = 3*v + 3*w. What is the remainder when v is divided by 3?
0
Suppose 13 = y + 9. Suppose 5*n + 5*f = -10, 0*f - 4 = f. Suppose -m + n = -0. Calculate the remainder when y is divided by m.
0
Let j(m) = 9*m. What is the remainder when 16 is divided by j(1)?
7
Let a = 8 + 5. Suppose y + 2*j = 38, 2*y - 76 = j - 2*j. What is the remainder when y is divided by a?
12
Let j(m) = -m**2 - 5*m + 2. Let l be j(-5). Suppose 0*p + o - l = -p, 0 = 3*o. Calculate the remainder when 2 is divided by p.
0
Suppose t = a + 29, 2*t = 5*t - 4*a - 90. Calculate the remainder when t is divided by 9.
8
Calculate the remainder when 792/20 + (-24)/15 + 2 is divided by 15.
10
Let y = 7 - 5. Suppose -a - 4 = 0, -c - y*a = 2*c - 91. Suppose -3*k + c - 9 = 0. What is the remainder when 15 is divided by k?
7
Let b(z) = -5*z + 5. Let w(r) = -3*r + 3. Let y(c) = -4*b(c) + 7*w(c). What is the remainder when 9 is divided by y(-5)?
3
Let p(y) = 7*y**2 - y. What is the remainder when 3*((-32)/(-6) - 2) is divided by p(1)?
4
Let v = 40 + -19. Suppose 0 = -4*x - 79 + 327. What is the remainder when x is divided by v?
20
Let v be 1/(45/(-24) - -2). Suppose 2 - v = -i. Suppose -4*j = 5*y - 192, -j = -4*y - 21 - i. What is the remainder when j is divided by 22?
21
Let t(w) = w**2 - w + 1. Calculate the remainder when 61 is divided by t(-4).
19
Let c be 0/4 - (-4)/2. Suppose -2 = -c*s + 2. Suppose -2*f = -f - s. What is the remainder when 3 is divided by f?
1
Let z(o) = 2*o - 25. Calculate the remainder when z(23) is divided by 12.
9
Let s(h) = 21*h**2 + 11*h - 1 - 17*h + 4*h. What is the remainder when s(2) is divided by 20?
19
Let o be -14*((-26)/(-4) + 1). What is the remainder when (1*-2)/(14/o) is divided by 4?
3
Let c(j) = j**2 + 14*j + 1. Let x(y) = y + 4. Let l be x(0). Suppose 4*a + 3*k = 30, a - l*k - 35 = -2*a. Calculate the remainder when c(-16) is divided by a.
6
Suppose -3 = -u, -5*u + 21 + 24 = 5*o. Suppose 10*p = 5*p - 5. Calculate the remainder when p*1 + 15 + 2 is divided by o.
4
Let n(f) = -f. Let q(x) = 11*x + 5. Let s(l) = -6*n(l) - q(l). What is the remainder when s(-6) is divided by (-2 + 3)/((-3)/(-39))?
12
Let c be (-1)/(3 - 4)*6. Suppose -2*j = -2*p + 2, 3*p - c - 3 = 4*j. What is the remainder when 25 is divided by j/8 - (-78)/8?
7
Let y(t) = -t**2 + 11*t - 14. What is the remainder when 22 is divided by y(9)?
2
Suppose 5*r + 20 = 3*v + 1, -5*r = v + 7. Let o = 13 + -9. Calculate the remainder when 1/o*r*-18 is divided by 5.
4
What is the remainder when (-12)/(-9)*-21*(0 + -1) is divided by 12?
4
Suppose -5*a - m + 4 = -2, 2*m + 14 = 3*a. Suppose -1 = -a*z + 61. What is the remainder when z is divided by 8?
7
Let n = -24 + 39. Suppose -2*j + 43 = -j. What is the remainder when j is divided by n?
13
Suppose 3*b - 107 = -4*v, -4*b + 1 + 3 = 0. What is the remainder when 48 is divided by v?
22
Suppose 3*q - 30 = 27. Let o = -3 + 7. Suppose -o*v = v - 370. What is the remainder when v is divided by q?
17
Let q = -8 + 12. What is the remainder when (46/q)/(9/18) is divided by 7?
2
Let h(y) = 3*y - 3. Let i be h(3). Suppose i*o - 29 = 3*o - 4*z, 5*z = o + 22. Calculate the remainder when (o - -89)*(-1)/(-2) is divided by 24.
22
Suppose 0 = 7*y - 3*y - 332. What is the remainder when y is divided by 12?
11
Calculate the remainder when 2*196/(-8)*-1 is divided by 10.
9
What is the remainder when 196 is divided by (84/4 + (-2 - -3))/1?
20
Suppose 2*s = 5*p - 171, 2*s - 144 = -0*p - 4*p. Let u = 19 + 0. Calculate the remainder when p is divided by u.
16
Let o = 89 - 54. Calculate the remainder when o is divided by 6.
5
Let p = 4 + -8. Let w = p - -8. What is the remainder when 11 is divided by w?
3
Let r(o) = 0*o - 3 + 3 + 4*o. Let q = -7 + 20. What is the remainder when r(6) is divided by q?
11
Suppose -20 = -a - 5*h - 1, -3*h + 9 = 0. What is the remainder when 7 is divided by a?
3
Let g = -59 - -83. Let r = -25 + 39. Let z = r + -1. Calculate the remainder when g is divided by z.
11
Let m = 6 - 3. Suppose -4*c - 5*i = -6*i - 80, 2*c + 4*i - 22 = 0. Suppose 2*j - c = -m. Calculate the remainder when j is divided by 3.
2
Suppose -4*w = x - 7*w + 15, -x + 5*w = 21. Let y be (-2)/x + (-24)/(-9). Calculate the remainder when ((-14)/y)/(1/(-3)) is divided by 8.
6
Suppose 0*o - 143 = -5*y + o, y + o = 31. What is the remainder when y is divided by 42/5 - (-2)/(-5)?
5
Suppose 3*t = 5*d - 9, -4*t - 2 = 5*d - 25. Suppose -4*s + 52 = t*q, -14 = -3*s - 2*q + 26. Let p = 58 - 35. Calculate the remainder when p is divided by s.
11
Let h = 2 + 9. Suppose -h = -4*s + 5. Let z = -1 - -4. Calculate the remainder when s is divided by z.
1
Calculate the remainder when (-35)/7*(-66)/10 is divided by 17.
16
Suppose o - 3*o - 6 = 0. Calculate the remainder when 2 is divided by 2 - (0/2)/o.
0
Let c(s) = -13*s + 2. Let z be c(-2). Suppose 0 = -5*f + 4*r + z, -5*f - r = -43. Suppose -37 - 32 = -3*x. Calculate the remainder when x is divided by f.
7
Let f = 126 - 77. Calculate the remainder when f is divided by 13.
10
Let g(d) = -d**2 + 14*d - 24. Calculate the remainder when 62 is divided by g(11).